{"id":805,"date":"2016-05-20T16:32:41","date_gmt":"2016-05-20T14:32:41","guid":{"rendered":"http:\/\/www.justsardinia.it\/?page_id=805"},"modified":"2016-06-27T12:15:56","modified_gmt":"2016-06-27T10:15:56","slug":"location-de-vtt","status":"publish","type":"page","link":"http:\/\/www.taxisantateresa.it\/index.php\/fr\/location-de-voiture\/location-de-vtt\/","title":{"rendered":"Location de VTT"},"content":{"rendered":"<h3>Profitez \u00e0 pleins poumons de la nature!<\/h3>\n<p style=\"text-align: justify;\">La soci\u00e9t\u00e9 Just Sardinia vous offre la possibilit\u00e9 de louer \u00e0 Santa Teresa Gallura des VTT de tr\u00e8s bonnes qualit\u00e9s au top de la technologie, sp\u00e9cialement con\u00e7us pour les routes sinueuses et escarp\u00e9es de la r\u00e9gion, ils sont l\u00e9gers et poss\u00e8dent 27 vitesses.<\/p>\n<div style=\"width: 50%; float: left; padding: 1%; text-align: center;\"><a href=\"\/wp-content\/uploads\/2016\/03\/byke01.jpg\" rel=\"attachment wp-att-329\" data-rel=\"lightbox-image-0\" data-rl_title=\"\" data-rl_caption=\"\" title=\"\"><img loading=\"lazy\" class=\"alignnone size-thumbnail wp-image-329\" src=\"\/wp-content\/uploads\/2016\/03\/byke01-150x150.jpg\" alt=\"noleggio01\" width=\"150\" height=\"150\" \/><\/a><br \/>\nElios<\/div>\n<div style=\"width: 50%; float: left; padding: 1%; text-align: center;\"><a href=\"\/wp-content\/uploads\/2016\/03\/byke02.jpg\" rel=\"attachment wp-att-329\" data-rel=\"lightbox-image-1\" data-rl_title=\"\" data-rl_caption=\"\" title=\"\"><img loading=\"lazy\" class=\"alignnone size-thumbnail wp-image-329\" src=\"\/wp-content\/uploads\/2016\/03\/byke02-150x150.jpg\" alt=\"noleggio01\" width=\"150\" height=\"150\" \/><\/a><br \/>\nVertex<\/div>\n<div style=\"padding: 20px;\"><\/div>\n<p>ACCESSOIRES INCLUS DANS LA LOCATION<\/p>\n<ul>\n<li>Les casques de protection<\/li>\n<li>De robuste panier \u00e0 l\u2019avant<\/li>\n<li>Porte-bagages \u00e0 l\u2019arri\u00e8re<\/li>\n<li>Cadenas r\u00e9sistants<\/li>\n<\/ul>\n<p>ACCESSOIRES NON INCLUS DANS LA LOCATIO<\/p>\n<ul>\n<li>Si\u00e8ge Porte-enfant post\u00e9rieur homologu\u00e9<\/li>\n<\/ul>\n<p><span style=\"border-radius: 2px; text-indent: 20px; width: auto; padding: 0px 4px 0px 0px; text-align: center; font: bold 11px\/20px 'Helvetica Neue',Helvetica,sans-serif; color: #ffffff; background: #bd081c  no-repeat scroll 3px 50% \/ 14px 14px; position: absolute; opacity: 1; z-index: 8675309; display: none; cursor: pointer;\">Salva<\/span><\/p>\n","protected":false},"excerpt":{"rendered":"<p>Profitez \u00e0 pleins poumons de la nature! La soci\u00e9t\u00e9 Just Sardinia vous offre la possibilit\u00e9 de louer \u00e0 Santa Teresa Gallura des VTT de tr\u00e8s bonnes qualit\u00e9s au top de la technologie, sp\u00e9cialement con\u00e7us pour les routes sinueuses et escarp\u00e9es de la r\u00e9gion, ils sont l\u00e9gers et poss\u00e8dent 27 vitesses. [&hellip;]<\/p>\n","protected":false},"author":118,"featured_media":227,"parent":793,"menu_order":0,"comment_status":"closed","ping_status":"closed","template":"","meta":[],"yoast_head":"<!-- This site is optimized with the Yoast SEO plugin v17.0 - https:\/\/yoast.com\/wordpress\/plugins\/seo\/ -->\r\n<title>Location de VTT - Just Sardinia<\/title>\r\n<meta name=\"robots\" content=\"index, follow, max-snippet:-1, max-image-preview:large, max-video-preview:-1\" \/>\r\n<link rel=\"canonical\" href=\"http:\/\/taxisantateresa.it\/index.php\/fr\/location-de-voiture\/location-de-vtt\/\" \/>\r\n<meta property=\"og:locale\" content=\"it_IT\" \/>\r\n<meta property=\"og:type\" content=\"article\" \/>\r\n<meta property=\"og:title\" content=\"Location de VTT - Just Sardinia\" \/>\r\n<meta property=\"og:description\" content=\"Profitez \u00e0 pleins poumons de la nature! La soci\u00e9t\u00e9 Just Sardinia vous offre la possibilit\u00e9 de louer \u00e0 Santa Teresa Gallura des VTT de tr\u00e8s bonnes qualit\u00e9s au top de la technologie, sp\u00e9cialement con\u00e7us pour les routes sinueuses et escarp\u00e9es de la r\u00e9gion, ils sont l\u00e9gers et poss\u00e8dent 27 vitesses. [&hellip;]\" \/>\r\n<meta property=\"og:url\" content=\"http:\/\/taxisantateresa.it\/index.php\/fr\/location-de-voiture\/location-de-vtt\/\" \/>\r\n<meta property=\"og:site_name\" content=\"Just Sardinia\" \/>\r\n<meta property=\"article:modified_time\" content=\"2016-06-27T10:15:56+00:00\" \/>\r\n<meta property=\"og:image\" content=\"http:\/\/taxisardegna.net\/wp-content\/uploads\/2015\/12\/bike.jpg\" \/>\r\n\t<meta property=\"og:image:width\" content=\"1024\" \/>\r\n\t<meta property=\"og:image:height\" content=\"160\" \/>\r\n<meta name=\"twitter:card\" content=\"summary_large_image\" \/>\r\n<script type=\"application\/ld+json\" class=\"yoast-schema-graph\">{\"@context\":\"https:\/\/schema.org\",\"@graph\":[{\"@type\":\"WebSite\",\"@id\":\"http:\/\/ncc-taxisantateresagallura.it\/index.php\/it\/#website\",\"url\":\"http:\/\/ncc-taxisantateresagallura.it\/index.php\/it\/\",\"name\":\"Just Sardinia\",\"description\":\"...the best way to travel\",\"potentialAction\":[{\"@type\":\"SearchAction\",\"target\":{\"@type\":\"EntryPoint\",\"urlTemplate\":\"http:\/\/ncc-taxisantateresagallura.it\/index.php\/it\/?s={search_term_string}\"},\"query-input\":\"required name=search_term_string\"}],\"inLanguage\":\"it-IT\"},{\"@type\":\"ImageObject\",\"@id\":\"http:\/\/taxisantateresa.it\/index.php\/fr\/location-de-voiture\/location-de-vtt\/#primaryimage\",\"inLanguage\":\"it-IT\",\"url\":\"http:\/\/www.taxisantateresa.it\/wp-content\/uploads\/2015\/12\/bike.jpg\",\"contentUrl\":\"http:\/\/www.taxisantateresa.it\/wp-content\/uploads\/2015\/12\/bike.jpg\",\"width\":1024,\"height\":160},{\"@type\":\"WebPage\",\"@id\":\"http:\/\/taxisantateresa.it\/index.php\/fr\/location-de-voiture\/location-de-vtt\/#webpage\",\"url\":\"http:\/\/taxisantateresa.it\/index.php\/fr\/location-de-voiture\/location-de-vtt\/\",\"name\":\"Location de VTT - Just Sardinia\",\"isPartOf\":{\"@id\":\"http:\/\/ncc-taxisantateresagallura.it\/index.php\/it\/#website\"},\"primaryImageOfPage\":{\"@id\":\"http:\/\/taxisantateresa.it\/index.php\/fr\/location-de-voiture\/location-de-vtt\/#primaryimage\"},\"datePublished\":\"2016-05-20T14:32:41+00:00\",\"dateModified\":\"2016-06-27T10:15:56+00:00\",\"breadcrumb\":{\"@id\":\"http:\/\/taxisantateresa.it\/index.php\/fr\/location-de-voiture\/location-de-vtt\/#breadcrumb\"},\"inLanguage\":\"it-IT\",\"potentialAction\":[{\"@type\":\"ReadAction\",\"target\":[\"http:\/\/taxisantateresa.it\/index.php\/fr\/location-de-voiture\/location-de-vtt\/\"]}]},{\"@type\":\"BreadcrumbList\",\"@id\":\"http:\/\/taxisantateresa.it\/index.php\/fr\/location-de-voiture\/location-de-vtt\/#breadcrumb\",\"itemListElement\":[{\"@type\":\"ListItem\",\"position\":1,\"name\":\"Home\",\"item\":\"http:\/\/ncc-taxisantateresagallura.it\/index.php\/it\/\"},{\"@type\":\"ListItem\",\"position\":2,\"name\":\"Location de voiture\",\"item\":\"http:\/\/www.taxisantateresagallura.it\/index.php\/fr\/location-de-voiture\/\"},{\"@type\":\"ListItem\",\"position\":3,\"name\":\"Location de VTT\"}]}]}<\/script>\r\n<!-- \/ Yoast SEO plugin. -->","yoast_head_json":{"title":"Location de VTT - Just Sardinia","robots":{"index":"index","follow":"follow","max-snippet":"max-snippet:-1","max-image-preview":"max-image-preview:large","max-video-preview":"max-video-preview:-1"},"canonical":"http:\/\/taxisantateresa.it\/index.php\/fr\/location-de-voiture\/location-de-vtt\/","og_locale":"it_IT","og_type":"article","og_title":"Location de VTT - Just Sardinia","og_description":"Profitez \u00e0 pleins poumons de la nature! La soci\u00e9t\u00e9 Just Sardinia vous offre la possibilit\u00e9 de louer \u00e0 Santa Teresa Gallura des VTT de tr\u00e8s bonnes qualit\u00e9s au top de la technologie, sp\u00e9cialement con\u00e7us pour les routes sinueuses et escarp\u00e9es de la r\u00e9gion, ils sont l\u00e9gers et poss\u00e8dent 27 vitesses. [&hellip;]","og_url":"http:\/\/taxisantateresa.it\/index.php\/fr\/location-de-voiture\/location-de-vtt\/","og_site_name":"Just Sardinia","article_modified_time":"2016-06-27T10:15:56+00:00","og_image":[{"width":1024,"height":160,"url":"http:\/\/taxisardegna.net\/wp-content\/uploads\/2015\/12\/bike.jpg","path":"C:\\inetpub\\wwwroot\\WP_justsardinia\/wp-content\/uploads\/2015\/12\/bike.jpg","size":"full","id":227,"alt":"","pixels":163840,"type":"image\/jpeg"}],"twitter_card":"summary_large_image","schema":{"@context":"https:\/\/schema.org","@graph":[{"@type":"WebSite","@id":"http:\/\/ncc-taxisantateresagallura.it\/index.php\/it\/#website","url":"http:\/\/ncc-taxisantateresagallura.it\/index.php\/it\/","name":"Just Sardinia","description":"...the best way to travel","potentialAction":[{"@type":"SearchAction","target":{"@type":"EntryPoint","urlTemplate":"http:\/\/ncc-taxisantateresagallura.it\/index.php\/it\/?s={search_term_string}"},"query-input":"required name=search_term_string"}],"inLanguage":"it-IT"},{"@type":"ImageObject","@id":"http:\/\/taxisantateresa.it\/index.php\/fr\/location-de-voiture\/location-de-vtt\/#primaryimage","inLanguage":"it-IT","url":"http:\/\/www.taxisantateresa.it\/wp-content\/uploads\/2015\/12\/bike.jpg","contentUrl":"http:\/\/www.taxisantateresa.it\/wp-content\/uploads\/2015\/12\/bike.jpg","width":1024,"height":160},{"@type":"WebPage","@id":"http:\/\/taxisantateresa.it\/index.php\/fr\/location-de-voiture\/location-de-vtt\/#webpage","url":"http:\/\/taxisantateresa.it\/index.php\/fr\/location-de-voiture\/location-de-vtt\/","name":"Location de VTT - Just Sardinia","isPartOf":{"@id":"http:\/\/ncc-taxisantateresagallura.it\/index.php\/it\/#website"},"primaryImageOfPage":{"@id":"http:\/\/taxisantateresa.it\/index.php\/fr\/location-de-voiture\/location-de-vtt\/#primaryimage"},"datePublished":"2016-05-20T14:32:41+00:00","dateModified":"2016-06-27T10:15:56+00:00","breadcrumb":{"@id":"http:\/\/taxisantateresa.it\/index.php\/fr\/location-de-voiture\/location-de-vtt\/#breadcrumb"},"inLanguage":"it-IT","potentialAction":[{"@type":"ReadAction","target":["http:\/\/taxisantateresa.it\/index.php\/fr\/location-de-voiture\/location-de-vtt\/"]}]},{"@type":"BreadcrumbList","@id":"http:\/\/taxisantateresa.it\/index.php\/fr\/location-de-voiture\/location-de-vtt\/#breadcrumb","itemListElement":[{"@type":"ListItem","position":1,"name":"Home","item":"http:\/\/ncc-taxisantateresagallura.it\/index.php\/it\/"},{"@type":"ListItem","position":2,"name":"Location de voiture","item":"http:\/\/www.taxisantateresagallura.it\/index.php\/fr\/location-de-voiture\/"},{"@type":"ListItem","position":3,"name":"Location de VTT"}]}]}},"_links":{"self":[{"href":"http:\/\/www.taxisantateresa.it\/index.php\/wp-json\/wp\/v2\/pages\/805"}],"collection":[{"href":"http:\/\/www.taxisantateresa.it\/index.php\/wp-json\/wp\/v2\/pages"}],"about":[{"href":"http:\/\/www.taxisantateresa.it\/index.php\/wp-json\/wp\/v2\/types\/page"}],"author":[{"embeddable":true,"href":"http:\/\/www.taxisantateresa.it\/index.php\/wp-json\/wp\/v2\/users\/118"}],"replies":[{"embeddable":true,"href":"http:\/\/www.taxisantateresa.it\/index.php\/wp-json\/wp\/v2\/comments?post=805"}],"version-history":[{"count":3,"href":"http:\/\/www.taxisantateresa.it\/index.php\/wp-json\/wp\/v2\/pages\/805\/revisions"}],"predecessor-version":[{"id":1131,"href":"http:\/\/www.taxisantateresa.it\/index.php\/wp-json\/wp\/v2\/pages\/805\/revisions\/1131"}],"up":[{"embeddable":true,"href":"http:\/\/www.taxisantateresa.it\/index.php\/wp-json\/wp\/v2\/pages\/793"}],"wp:featuredmedia":[{"embeddable":true,"href":"http:\/\/www.taxisantateresa.it\/index.php\/wp-json\/wp\/v2\/media\/227"}],"wp:attachment":[{"href":"http:\/\/www.taxisantateresa.it\/index.php\/wp-json\/wp\/v2\/media?parent=805"}],"curies":[{"name":"wp","href":"https:\/\/api.w.org\/{rel}","templated":true}]}}