{"id":830,"date":"2016-05-20T17:10:43","date_gmt":"2016-05-20T15:10:43","guid":{"rendered":"http:\/\/www.justsardinia.it\/?page_id=830"},"modified":"2016-05-20T17:10:43","modified_gmt":"2016-05-20T15:10:43","slug":"excursions-2","status":"publish","type":"page","link":"http:\/\/www.taxisantateresa.it\/index.php\/fr\/excursions-2\/","title":{"rendered":"Excursions"},"content":{"rendered":"<h3>Visite des lieux les plus suggestifs<\/h3>\n<p style=\"text-align: justify;\">C\u2019est en collaboration avec les meilleures agences de voyages et Tour Operateur de la r\u00e9gion que nous organisons des excursions, circuits nationaux et internationaux avec transfert de 9 \u00e0 54 personnes. Nos excursions vous feront visiter les merveilles de la Sardaigne, ses villes, son histoire. Pour cela nous avons disponible une vaste gamme de v\u00e9hicules disponibles afin de pouvoir satisfaire les requ\u00eates.<\/p>\n<p style=\"text-align: justify;\">Contactez nous pour\u00a0 un devis m\u00eame sans engagement et fiez vous de notre exp\u00e9rience, nous vous aiderons \u00e0 organiser votre voyage.<\/p>\n<p style=\"text-align: justify;\">Voici quelques exemples \u2026\u2026tous \u00e0 bord\u00a0!<\/p>\n<p>&nbsp;<\/p>\n<div id=\"container_tw\">\n<div style=\"float: left; width: 160px; margin-bottom: 10px;\"><a href=\"\/wp-content\/uploads\/2015\/12\/escursioni01.jpg\" rel=\"attachment wp-att-425\" data-rel=\"lightbox-image-0\" data-rl_title=\"\" data-rl_caption=\"\" title=\"\"><img loading=\"lazy\" class=\"alignnone size-thumbnail wp-image-425\" src=\"\/wp-content\/uploads\/2015\/12\/escursioni01-150x150.jpg\" alt=\"escursioni01\" width=\"150\" height=\"150\" srcset=\"http:\/\/www.taxisantateresa.it\/wp-content\/uploads\/2015\/12\/escursioni01-150x150.jpg 150w, http:\/\/www.taxisantateresa.it\/wp-content\/uploads\/2015\/12\/escursioni01-300x300.jpg 300w, http:\/\/www.taxisantateresa.it\/wp-content\/uploads\/2015\/12\/escursioni01.jpg 500w\" sizes=\"(max-width: 150px) 100vw, 150px\" \/><\/a><\/div>\n<div style=\"height: 150px; padding-top: 15px; margin-bottom: 10px;\">\n<p>LUNDI &#8211; Porto Cervo \u2013 Baia Sardinia &#8211; Demi journ\u00e9es<\/p>\n<ul>\n<li>D\u00e9part de l\u2019H\u00f4tel \u00e0 08:00 \u2013 Retour \u00e0 13:30<\/li>\n<\/ul>\n<\/div>\n<div style=\"float: left; width: 160px; margin-bottom: 10px;\"><a href=\"\/wp-content\/uploads\/2015\/12\/escursioni02.jpg\" rel=\"attachment wp-att-426\" data-rel=\"lightbox-image-1\" data-rl_title=\"\" data-rl_caption=\"\" title=\"\"><img loading=\"lazy\" class=\"alignnone size-thumbnail wp-image-426\" src=\"\/wp-content\/uploads\/2015\/12\/escursioni02-150x150.jpg\" alt=\"escursioni02\" width=\"150\" height=\"150\" srcset=\"http:\/\/www.taxisantateresa.it\/wp-content\/uploads\/2015\/12\/escursioni02-150x150.jpg 150w, http:\/\/www.taxisantateresa.it\/wp-content\/uploads\/2015\/12\/escursioni02-300x300.jpg 300w, http:\/\/www.taxisantateresa.it\/wp-content\/uploads\/2015\/12\/escursioni02.jpg 500w\" sizes=\"(max-width: 150px) 100vw, 150px\" \/><\/a><\/div>\n<div style=\"height: 150px; padding-top: 15px; margin-bottom: 10px;\">\n<p>MARDI &#8211; Castelsardo et Alghero &#8211; I Doria e la Riviera del Corallo \u2013 toute la journ\u00e9e<\/p>\n<ul>\n<li>D\u00e9part de l\u2019H\u00f4tel \u00e0 09:00 \u2013 Retour \u00e0 18:30<\/li>\n<\/ul>\n<\/div>\n<div style=\"float: left; width: 160px; margin-bottom: 10px;\"><a href=\"\/wp-content\/uploads\/2015\/12\/escursioni03.jpg\" rel=\"attachment wp-att-427\" data-rel=\"lightbox-image-2\" data-rl_title=\"\" data-rl_caption=\"\" title=\"\"><img loading=\"lazy\" class=\"alignnone size-thumbnail wp-image-427\" src=\"\/wp-content\/uploads\/2015\/12\/escursioni03-150x150.jpg\" alt=\"escursioni03\" width=\"150\" height=\"150\" srcset=\"http:\/\/www.taxisantateresa.it\/wp-content\/uploads\/2015\/12\/escursioni03-150x150.jpg 150w, http:\/\/www.taxisantateresa.it\/wp-content\/uploads\/2015\/12\/escursioni03-300x300.jpg 300w, http:\/\/www.taxisantateresa.it\/wp-content\/uploads\/2015\/12\/escursioni03.jpg 500w\" sizes=\"(max-width: 150px) 100vw, 150px\" \/><\/a><\/div>\n<div style=\"height: 150px; padding-top: 15px; margin-bottom: 10px;\">\n<p>MERCREDI &#8211; Tempio et Luras \u2013 toute la journ\u00e9e<\/p>\n<ul>\n<li>D\u00e9part de l\u2019H\u00f4tel \u00e0 14:00 \u2013 Retour \u00e0 18:30<\/li>\n<\/ul>\n<\/div>\n<div style=\"float: left; width: 160px; margin-bottom: 10px;\"><a href=\"\/wp-content\/uploads\/2015\/12\/escursioni04.jpg\" rel=\"attachment wp-att-428\" data-rel=\"lightbox-image-3\" data-rl_title=\"\" data-rl_caption=\"\" title=\"\"><img loading=\"lazy\" class=\"alignnone size-thumbnail wp-image-428\" src=\"\/wp-content\/uploads\/2015\/12\/escursioni04-150x150.jpg\" alt=\"escursioni04\" width=\"150\" height=\"150\" srcset=\"http:\/\/www.taxisantateresa.it\/wp-content\/uploads\/2015\/12\/escursioni04-150x150.jpg 150w, http:\/\/www.taxisantateresa.it\/wp-content\/uploads\/2015\/12\/escursioni04-300x300.jpg 300w, http:\/\/www.taxisantateresa.it\/wp-content\/uploads\/2015\/12\/escursioni04.jpg 500w\" sizes=\"(max-width: 150px) 100vw, 150px\" \/><\/a><\/div>\n<div style=\"height: 150px; padding-top: 15px; margin-bottom: 10px;\">\n<p>JEUDI &#8211; March\u00e9 locale de Santa Teresa Gallura<\/p>\n<ul>\n<li>D\u00e9part de l\u2019H\u00f4tel \u00e0 8:30 ou \u00e0 9:30 Retour \u00a0\u00e0 12:30 ou \u00e0 13:00<\/li>\n<\/ul>\n<\/div>\n<div style=\"float: left; width: 160px; margin-bottom: 10px;\"><a href=\"\/wp-content\/uploads\/2015\/12\/escursioni06.jpg\" rel=\"attachment wp-att-430\" data-rel=\"lightbox-image-4\" data-rl_title=\"\" data-rl_caption=\"\" title=\"\"><img loading=\"lazy\" class=\"alignnone size-thumbnail wp-image-430\" src=\"\/wp-content\/uploads\/2015\/12\/escursioni06-150x150.jpg\" alt=\"escursioni06\" width=\"150\" height=\"150\" srcset=\"http:\/\/www.taxisantateresa.it\/wp-content\/uploads\/2015\/12\/escursioni06-150x150.jpg 150w, http:\/\/www.taxisantateresa.it\/wp-content\/uploads\/2015\/12\/escursioni06-300x300.jpg 300w, http:\/\/www.taxisantateresa.it\/wp-content\/uploads\/2015\/12\/escursioni06.jpg 500w\" sizes=\"(max-width: 150px) 100vw, 150px\" \/><\/a><\/div>\n<div style=\"height: 150px; padding-top: 15px; margin-bottom: 10px;\">\n<p>VENDREDI \u2013 Nuoro et Orgosolo<\/p>\n<ul>\n<li>D\u00e9part \u00e0 08,00 et retour \u00e0 18,30<\/li>\n<\/ul>\n<\/div>\n<div style=\"float: left; width: 160px; margin-bottom: 10px;\"><a href=\"\/wp-content\/uploads\/2015\/12\/escursioni05.jpg\" rel=\"attachment wp-att-429\" data-rel=\"lightbox-image-5\" data-rl_title=\"\" data-rl_caption=\"\" title=\"\"><img loading=\"lazy\" class=\"alignnone size-thumbnail wp-image-429\" src=\"\/wp-content\/uploads\/2015\/12\/escursioni05-150x150.jpg\" alt=\"escursioni05\" width=\"150\" height=\"150\" srcset=\"http:\/\/www.taxisantateresa.it\/wp-content\/uploads\/2015\/12\/escursioni05-150x150.jpg 150w, http:\/\/www.taxisantateresa.it\/wp-content\/uploads\/2015\/12\/escursioni05-300x300.jpg 300w, http:\/\/www.taxisantateresa.it\/wp-content\/uploads\/2015\/12\/escursioni05.jpg 500w\" sizes=\"(max-width: 150px) 100vw, 150px\" \/><\/a><\/div>\n<div style=\"height: 150px; padding-top: 15px; margin-bottom: 10px;\">\n<p>DIMANCHE- Excursion en bateau au parc national de La Maddalena<\/p>\n<ul>\n<li>D\u00e9part de l\u2019H\u00f4tel \u00e0 8:00 \u2013 Retour \u00e0 17:30<\/li>\n<\/ul>\n<\/div>\n<\/div>\n<p>&nbsp;<\/p>\n","protected":false},"excerpt":{"rendered":"<p>Visite des lieux les plus suggestifs C\u2019est en collaboration avec les meilleures agences de voyages et Tour Operateur de la r\u00e9gion que nous organisons des excursions, circuits nationaux et internationaux avec transfert de 9 \u00e0 54 personnes. Nos excursions vous feront visiter les merveilles de la Sardaigne, ses villes, son [&hellip;]<\/p>\n","protected":false},"author":118,"featured_media":233,"parent":0,"menu_order":60,"comment_status":"closed","ping_status":"closed","template":"","meta":[],"yoast_head":"<!-- This site is optimized with the Yoast SEO plugin v17.0 - https:\/\/yoast.com\/wordpress\/plugins\/seo\/ -->\r\n<title>Excursions - Just Sardinia<\/title>\r\n<meta name=\"robots\" content=\"index, follow, max-snippet:-1, max-image-preview:large, max-video-preview:-1\" \/>\r\n<link rel=\"canonical\" href=\"http:\/\/www.taxisantateresa.it\/index.php\/fr\/excursions-2\/\" \/>\r\n<meta property=\"og:locale\" content=\"it_IT\" \/>\r\n<meta property=\"og:type\" content=\"article\" \/>\r\n<meta property=\"og:title\" content=\"Excursions - Just Sardinia\" \/>\r\n<meta property=\"og:description\" content=\"Visite des lieux les plus suggestifs C\u2019est en collaboration avec les meilleures agences de voyages et Tour Operateur de la r\u00e9gion que nous organisons des excursions, circuits nationaux et internationaux avec transfert de 9 \u00e0 54 personnes. Nos excursions vous feront visiter les merveilles de la Sardaigne, ses villes, son [&hellip;]\" \/>\r\n<meta property=\"og:url\" content=\"http:\/\/www.taxisantateresa.it\/index.php\/fr\/excursions-2\/\" \/>\r\n<meta property=\"og:site_name\" content=\"Just Sardinia\" \/>\r\n<meta property=\"og:image\" content=\"http:\/\/www.justsardinia.it\/wp-content\/uploads\/2015\/12\/escursioni.jpg\" \/>\r\n\t<meta property=\"og:image:width\" content=\"1024\" \/>\r\n\t<meta property=\"og:image:height\" content=\"160\" \/>\r\n<meta name=\"twitter:card\" content=\"summary_large_image\" \/>\r\n<meta name=\"twitter:label1\" content=\"Tempo di lettura stimato\" \/>\n\t<meta name=\"twitter:data1\" content=\"1 minuto\" \/>\r\n<script type=\"application\/ld+json\" class=\"yoast-schema-graph\">{\"@context\":\"https:\/\/schema.org\",\"@graph\":[{\"@type\":\"WebSite\",\"@id\":\"http:\/\/ncc-taxisantateresagallura.it\/index.php\/it\/#website\",\"url\":\"http:\/\/ncc-taxisantateresagallura.it\/index.php\/it\/\",\"name\":\"Just Sardinia\",\"description\":\"...the best way to travel\",\"potentialAction\":[{\"@type\":\"SearchAction\",\"target\":{\"@type\":\"EntryPoint\",\"urlTemplate\":\"http:\/\/ncc-taxisantateresagallura.it\/index.php\/it\/?s={search_term_string}\"},\"query-input\":\"required name=search_term_string\"}],\"inLanguage\":\"it-IT\"},{\"@type\":\"ImageObject\",\"@id\":\"http:\/\/www.taxisantateresa.it\/index.php\/fr\/excursions-2\/#primaryimage\",\"inLanguage\":\"it-IT\",\"url\":\"http:\/\/www.taxisantateresa.it\/wp-content\/uploads\/2015\/12\/escursioni.jpg\",\"contentUrl\":\"http:\/\/www.taxisantateresa.it\/wp-content\/uploads\/2015\/12\/escursioni.jpg\",\"width\":1024,\"height\":160,\"caption\":\"(Photo: Andreas Issleib)\"},{\"@type\":\"WebPage\",\"@id\":\"http:\/\/www.taxisantateresa.it\/index.php\/fr\/excursions-2\/#webpage\",\"url\":\"http:\/\/www.taxisantateresa.it\/index.php\/fr\/excursions-2\/\",\"name\":\"Excursions - Just Sardinia\",\"isPartOf\":{\"@id\":\"http:\/\/ncc-taxisantateresagallura.it\/index.php\/it\/#website\"},\"primaryImageOfPage\":{\"@id\":\"http:\/\/www.taxisantateresa.it\/index.php\/fr\/excursions-2\/#primaryimage\"},\"datePublished\":\"2016-05-20T15:10:43+00:00\",\"dateModified\":\"2016-05-20T15:10:43+00:00\",\"breadcrumb\":{\"@id\":\"http:\/\/www.taxisantateresa.it\/index.php\/fr\/excursions-2\/#breadcrumb\"},\"inLanguage\":\"it-IT\",\"potentialAction\":[{\"@type\":\"ReadAction\",\"target\":[\"http:\/\/www.taxisantateresa.it\/index.php\/fr\/excursions-2\/\"]}]},{\"@type\":\"BreadcrumbList\",\"@id\":\"http:\/\/www.taxisantateresa.it\/index.php\/fr\/excursions-2\/#breadcrumb\",\"itemListElement\":[{\"@type\":\"ListItem\",\"position\":1,\"name\":\"Home\",\"item\":\"http:\/\/ncc-taxisantateresagallura.it\/index.php\/it\/\"},{\"@type\":\"ListItem\",\"position\":2,\"name\":\"Excursions\"}]}]}<\/script>\r\n<!-- \/ Yoast SEO plugin. -->","yoast_head_json":{"title":"Excursions - Just Sardinia","robots":{"index":"index","follow":"follow","max-snippet":"max-snippet:-1","max-image-preview":"max-image-preview:large","max-video-preview":"max-video-preview:-1"},"canonical":"http:\/\/www.taxisantateresa.it\/index.php\/fr\/excursions-2\/","og_locale":"it_IT","og_type":"article","og_title":"Excursions - Just Sardinia","og_description":"Visite des lieux les plus suggestifs C\u2019est en collaboration avec les meilleures agences de voyages et Tour Operateur de la r\u00e9gion que nous organisons des excursions, circuits nationaux et internationaux avec transfert de 9 \u00e0 54 personnes. Nos excursions vous feront visiter les merveilles de la Sardaigne, ses villes, son [&hellip;]","og_url":"http:\/\/www.taxisantateresa.it\/index.php\/fr\/excursions-2\/","og_site_name":"Just Sardinia","og_image":[{"width":1024,"height":160,"url":"http:\/\/www.justsardinia.it\/wp-content\/uploads\/2015\/12\/escursioni.jpg","path":"C:\\inetpub\\wwwroot\\WP_justsardinia\/wp-content\/uploads\/2015\/12\/escursioni.jpg","size":"full","id":233,"alt":"","pixels":163840,"type":"image\/jpeg"}],"twitter_card":"summary_large_image","twitter_misc":{"Tempo di lettura stimato":"1 minuto"},"schema":{"@context":"https:\/\/schema.org","@graph":[{"@type":"WebSite","@id":"http:\/\/ncc-taxisantateresagallura.it\/index.php\/it\/#website","url":"http:\/\/ncc-taxisantateresagallura.it\/index.php\/it\/","name":"Just Sardinia","description":"...the best way to travel","potentialAction":[{"@type":"SearchAction","target":{"@type":"EntryPoint","urlTemplate":"http:\/\/ncc-taxisantateresagallura.it\/index.php\/it\/?s={search_term_string}"},"query-input":"required name=search_term_string"}],"inLanguage":"it-IT"},{"@type":"ImageObject","@id":"http:\/\/www.taxisantateresa.it\/index.php\/fr\/excursions-2\/#primaryimage","inLanguage":"it-IT","url":"http:\/\/www.taxisantateresa.it\/wp-content\/uploads\/2015\/12\/escursioni.jpg","contentUrl":"http:\/\/www.taxisantateresa.it\/wp-content\/uploads\/2015\/12\/escursioni.jpg","width":1024,"height":160,"caption":"(Photo: Andreas Issleib)"},{"@type":"WebPage","@id":"http:\/\/www.taxisantateresa.it\/index.php\/fr\/excursions-2\/#webpage","url":"http:\/\/www.taxisantateresa.it\/index.php\/fr\/excursions-2\/","name":"Excursions - Just Sardinia","isPartOf":{"@id":"http:\/\/ncc-taxisantateresagallura.it\/index.php\/it\/#website"},"primaryImageOfPage":{"@id":"http:\/\/www.taxisantateresa.it\/index.php\/fr\/excursions-2\/#primaryimage"},"datePublished":"2016-05-20T15:10:43+00:00","dateModified":"2016-05-20T15:10:43+00:00","breadcrumb":{"@id":"http:\/\/www.taxisantateresa.it\/index.php\/fr\/excursions-2\/#breadcrumb"},"inLanguage":"it-IT","potentialAction":[{"@type":"ReadAction","target":["http:\/\/www.taxisantateresa.it\/index.php\/fr\/excursions-2\/"]}]},{"@type":"BreadcrumbList","@id":"http:\/\/www.taxisantateresa.it\/index.php\/fr\/excursions-2\/#breadcrumb","itemListElement":[{"@type":"ListItem","position":1,"name":"Home","item":"http:\/\/ncc-taxisantateresagallura.it\/index.php\/it\/"},{"@type":"ListItem","position":2,"name":"Excursions"}]}]}},"_links":{"self":[{"href":"http:\/\/www.taxisantateresa.it\/index.php\/wp-json\/wp\/v2\/pages\/830"}],"collection":[{"href":"http:\/\/www.taxisantateresa.it\/index.php\/wp-json\/wp\/v2\/pages"}],"about":[{"href":"http:\/\/www.taxisantateresa.it\/index.php\/wp-json\/wp\/v2\/types\/page"}],"author":[{"embeddable":true,"href":"http:\/\/www.taxisantateresa.it\/index.php\/wp-json\/wp\/v2\/users\/118"}],"replies":[{"embeddable":true,"href":"http:\/\/www.taxisantateresa.it\/index.php\/wp-json\/wp\/v2\/comments?post=830"}],"version-history":[{"count":1,"href":"http:\/\/www.taxisantateresa.it\/index.php\/wp-json\/wp\/v2\/pages\/830\/revisions"}],"predecessor-version":[{"id":831,"href":"http:\/\/www.taxisantateresa.it\/index.php\/wp-json\/wp\/v2\/pages\/830\/revisions\/831"}],"wp:featuredmedia":[{"embeddable":true,"href":"http:\/\/www.taxisantateresa.it\/index.php\/wp-json\/wp\/v2\/media\/233"}],"wp:attachment":[{"href":"http:\/\/www.taxisantateresa.it\/index.php\/wp-json\/wp\/v2\/media?parent=830"}],"curies":[{"name":"wp","href":"https:\/\/api.w.org\/{rel}","templated":true}]}}